 of t.
151
Suppose 5*l - 32 = h - 11, 0 = 4*l - 20. What are the prime factors of ((-6)/h)/(6/(-92))?
23
Suppose 11*q - 3 = 10*q. Suppose q*d = 64 + 59. List the prime factors of d.
41
Suppose 4*w - 3*w - 2 = 0. Let c(r) = r**2 + r - 1. List the prime factors of c(w).
5
Let t(z) = -z**3 + 8*z**2 - 6*z - 8. Let u be t(7). Let o(n) be the third derivative of -3*n**4/8 + 3*n**2. List the prime factors of o(u).
3
Let f(m) = m**2 - 5*m - 4. Let x be f(6). Suppose -b - 3*b = -x*o + 94, -4*o - 4*b + 164 = 0. List the prime factors of o.
43
Let n = -36 + 68. List the prime factors of n.
2
Suppose y + 0*y - 32 = b, 3*y = 4*b + 99. List the prime factors of y.
29
Suppose 29*c + 90 = 31*c. What are the prime factors of c?
3, 5
Let b(z) = 4*z**3 - 4. List the prime factors of b(2).
2, 7
Let r = 47 + -15. What are the prime factors of r?
2
Let s(k) = k**2 + 0*k**2 - k**3 - 2*k**2. Let w be s(0). What are the prime factors of w + 0 - (-6 - -4)?
2
Suppose 4*a - a - 18 = 0. Let f(t) = 6*t - 10. What are the prime factors of f(a)?
2, 13
Let q(v) = 0 + 5*v + 0 - 2 - v. What are the prime factors of q(3)?
2, 5
Suppose -5 = -4*n - 17. Let m be (3/9)/((-5)/15). Let x = m - n. List the prime factors of x.
2
Let p = 44 + 38. List the prime factors of p.
2, 41
Let t(l) = 327*l**2 + 2*l + 1. What are the prime factors of t(-1)?
2, 163
Let u(v) = -v**3 - v - 8. Let m be u(0). List the prime factors of (-7)/(-28) + (-118)/m.
3, 5
Let q(x) = -x**2 + 4*x. Let b be q(3). Suppose -6 = -b*z - 3. List the prime factors of ((-36)/(-2 + -1))/z.
2, 3
Let k be 15/15 - -1*1. What are the prime factors of (-49)/(-2) + 1/k?
5
Let b(m) = m**3 + 15*m**2 - 17*m - 7. Let z be b(-16). Suppose z + 14 = y. List the prime factors of y.
23
Suppose -4*p + 4*w = -396, -5*w + 14 = -6. List the prime factors of p.
103
Let j be 0 - (3 - (-16)/2). Let h = j - -15. What are the prime factors of h?
2
Suppose 0 = -5*g + 8*r - 3*r + 45, r = 3*g - 27. Suppose g = -5*x - 3*h + 35, 5*h - 20 = -5*x. Suppose x*t - 80 = 3*t. What are the prime factors of t?
2, 5
Let h(s) be the third derivative of s**6/120 - s**5/10 + s**4/12 + s**3/2 - s**2. What are the prime factors of h(6)?
3, 5
Let i = 12 - 46. Let j = -24 - i. List the prime factors of j.
2, 5
Suppose -4*j = 4*f + 20, -3*j = j - 5*f - 25. Suppose 2*u + 1 = -d, -u + 2*d + 0*d = -12. Suppose j = w - 1, 3*p - 35 = -u*p + 5*w. List the prime factors of p.
2
Suppose -4*g - 53 = -753. What are the prime factors of g?
5, 7
Suppose 7*b + 146 = 8*b. What are the prime factors of b?
2, 73
Let u(d) = 5*d**2 - d. Suppose 4*m - 2*m - 4 = 0. What are the prime factors of u(m)?
2, 3
Suppose -3*y + 15 = -0*y. Suppose j - y*x = -17, -x = 4*j - 6*j + 2. Suppose a = -z + 12, 0 = j*z - 2*a + a - 36. List the prime factors of z.
2, 3
Let h(r) = r**2 - 13*r + 14. Let z be h(12). List the prime factors of 20*z - (3 + -3).
2, 5
Suppose 4*s = 5*j + 11, -5*j + 0 = s - 9. Let h(c) = c - 1. Let l be h(s). What are the prime factors of (-7)/(-3)*(l + 0)?
7
Suppose 4*q + 15 + 72 = m, 3*m - q = 283. List the prime factors of m.
5, 19
Let f = -162 + 294. List the prime factors of f/18*(-3)/(-2).
11
Let x(t) = 3*t**3 + t. Let p be x(1). Suppose -130 = -p*c + 14. What are the prime factors of c?
2, 3
Let s = 285 - 175. Suppose -3*x - 5*w = s, -3*x + 4*w = -w + 130. List the prime factors of x/(-6) - (-4)/(-6).
2, 3
What are the prime factors of ((-148)/10)/(6/(-15))?
37
Let z(a) = a**3 - 7*a**2 + 7*a - 4. Suppose 0*t - t + 6 = 0. Let j be z(t). Let s(k) = k**3 + k**2 + k + 1. What are the prime factors of s(j)?
3, 5
Suppose k = 2*k - 4. Suppose -12 = -7*h + k*h. Suppose 0*y = h*y - 44. What are the prime factors of y?
11
Suppose n - 2*g + 3*g = -4, 5*n - 3*g = 4. What are the prime factors of 3 + (-1 - n) + -1?
2
Let q be (64 - (-3 - -2))*2. Suppose -5*j - 5*a = -135, -5*j + 3*a + q = 7*a. What are the prime factors of j?
2, 11
List the prime factors of (55/(-15))/((-1)/24).
2, 11
Let h(u) = u**3 + 9*u**2 - 9*u + 10. Let w be h(-10). Suppose 177 = 5*c - 4*t, w*t + 2*t + 171 = 5*c. List the prime factors of c.
3, 11
Let z = -3 - -1. What are the prime factors of (-1 + z)/((-15)/85)?
17
Let j(p) = 6*p. Let a be j(1). Suppose 50 = a*v - v. What are the prime factors of v?
2, 5
List the prime factors of (-11)/11*(-1 + 1 + -2).
2
Let k(q) = 5*q + 1. Let r be k(-2). Let h = 23 - r. What are the prime factors of h?
2
Let z(c) = -2*c**3 - 14*c**2 - 13*c - 19. Let p(k) = -k**3 - 7*k**2 - 6*k - 9. Let g(a) = 9*p(a) - 4*z(a). Let n = 6 + -13. List the prime factors of g(n).
3
Suppose 20 = i - 5*i - f, -2*f = 0. Let c = 13 + i. What are the prime factors of c?
2
Let o = 8 + -5. Suppose -o*t = -61 + 19. What are the prime factors of t?
2, 7
Let c be 0 + 0 - 12/2. Let o = c + 9. Suppose -1 + 13 = o*r. What are the prime factors of r?
2
Let h(b) = 5*b**2 - 12*b - 7. What are the prime factors of h(-3)?
2, 37
Suppose 12 = 2*w - 6. Let h = w + -16. Let g = 17 + h. List the prime factors of g.
2, 5
Suppose 0 = -2*x - 0*x + 4*q - 90, -2*q - 159 = 3*x. Let o = 72 + x. Suppose -r + 4*r - o = 0. What are the prime factors of r?
7
Let h(x) = -x**2 + 4*x - 7. Let l be h(7). List the prime factors of 2/14 - 220/l.
2
Suppose 3*x = -32 - 7. Let z be (-3)/12 - x/4. Let l(v) = v**2 - v - 4. List the prime factors of l(z).
2
Let j(c) be the third derivative of -c**5/60 + c**4/8 + c**3/6 + 2*c**2. Let t be j(2). Let a(x) = -x**3 + 3*x**2 + 2*x - 1. List the prime factors of a(t).
5
Let a be 224/1*(-3)/(-3). Suppose b = -b + a. Suppose 3*h - 4*l = 44, -46 + b = 4*h + 2*l. List the prime factors of h.
2
Suppose -3*q + 188 = q. Suppose 0 = -y - 4*z - 0*z + q, 188 = 4*y - 2*z. Suppose 5*u - 3*t - y = -9, 3*u - 25 = 4*t. What are the prime factors of u?
7
Let n = -24 + 97. Suppose 39 + n = 4*y. Let b = 39 - y. What are the prime factors of b?
11
Let n be (-176)/12 + (-2)/(-3). Let x = n + 37. List the prime factors of x.
23
Let o be (-6)/((-5)/(15/6)). Suppose -5*s + 7*h - 3*h = -8, -o*h - 6 = 5*s. Suppose -9 = -y - s. List the prime factors of y.
3
Suppose -19 = -y - 5. List the prime factors of y.
2, 7
What are the prime factors of (12/3 - -63)*3?
3, 67
Suppose -2*d = -1 - 17. Suppose d*t = -5*m + 4*t + 25, -4*t + 16 = 0. What are the prime factors of m + (-1)/(-2)*4?
3
Let g(r) = r**2 + 3*r - 1. Let d(a) = -a - 13. Let s be d(-9). Let t be g(s). Suppose 2 + 0 = 2*w - u, t*u = -w + 8. What are the prime factors of w?
2
Suppose 3*y - 20 = -y. Let v(u) = -19*u**3 + 4*u + 2. Let n(d) = -29*d**3 + 6*d + 3. Let h(x) = y*n(x) - 7*v(x). List the prime factors of h(-1).
11
Let z = 136 - 78. List the prime factors of z.
2, 29
Let v = -23 - -104. Let l = v + -37. List the prime factors of l.
2, 11
Let o(m) = 4*m**3 - m**2 - m + 1. Suppose 1 = 4*x - 3. Let c be o(x). Suppose 5*n + 32 + c = i, -4*i + 4*n + 76 = 0. What are the prime factors of i?
3, 5
Suppose -c = -3*c - 5*u + 3, -4*c - 2*u + 14 = 0. What are the prime factors of c?
2
Let z(y) = -7*y - 9. List the prime factors of z(-6).
3, 11
Let u(s) = -s. Let a be u(-3). Suppose a*o - 69 = 5*h - 2*h, -h - 65 = -3*o. What are the prime factors of o?
3, 7
Suppose 0 = 5*c + 25, -3*l - 4*c - 28 = -7*l. What are the prime factors of l?
2
Let u(l) = l**3 + 6*l**2 + 6*l + 2. Let g be u(-4). List the prime factors of ((-18)/10)/((-3)/g).
2, 3
Suppose 6*g - 2*g - 12 = 0. Suppose -3*k = 2*h + 12, -2*h + g*k = 4*k + 8. What are the prime factors of h/((-6)/4*1)?
2
Suppose -4*s + 26 = 4*z + 2, 5*s - 75 = 4*z. Let x(y) = y**2 - 12*y - 28. Let a be x(14). Let l = s - a. What are the prime factors of l?
11
Suppose 0 = -4*l + 8 + 8. Let t(m) = 3*m**3 - 2*m**3 - l*m**3 - m + 2 - 4*m**2 + 0*m. What are the prime factors of t(-2)?
2, 3
Suppose -3*l + 5 = -5*s, -l + 0 = -3*s + 1. Suppose 100 = -4*b - s*f, -4*b = -f + 2*f + 96. Let x = -9 - b. List the prime factors of x.
2, 7
Suppose 5 = -4*t - 15. Let y = 15 + t. What are the prime factors of y?
2, 5
Let d = -2 - -24. List the prime factors of d.
2, 11
Suppose -3 + 12 = 3*s. Let a(x) = -s + 4 - 6*x + 4*x. What are the prime factors of a(-4)?
3
Suppose 0 = -6*u + 2*u + 60. Suppose -9 = 3*v + 6, -2*v + u = a. List the prime factors of a.
5
Let i(u) = 29*u + 2. Let j be i(1). Let s = 55 - j. What are the prime factors of s?
2, 3
Suppose q - 37